e -s = -3*r - c, -10 = -4*c - c. List the prime factors of r.
5
Let v(y) = 25*y**2 + 5*y - 4. What are the prime factors of v(5)?
2, 17, 19
Suppose 4 = l + 2*u, -3*l + 0*u + 6 = 3*u. Suppose 2*f - 6 = l, z + 4*z = -4*f + 392. What are the prime factors of (z/(-8))/((-3)/6)?
19
Let y = 144 + -84. List the prime factors of y.
2, 3, 5
Suppose 205 = -b - 5*i, 3*i - 380 = 2*b + 30. Let f = 287 + b. Let c = -24 + f. What are the prime factors of c?
2, 29
Let l(i) = -7*i + 3*i - 2*i - 9 + 9*i. What are the prime factors of l(6)?
3
Let s = -12 - -17. Suppose -4*d + 3*k + 240 = -6, 230 = 4*d + s*k. List the prime factors of d.
2, 3, 5
Let b be (-2)/(42/70 - (-11)/(-10)). List the prime factors of (1 - b) + (-147)/(-1).
2, 3
Let r be -4 + (3 - 0) - -205. Let k = r - 70. What are the prime factors of k?
2, 67
Suppose -15 = -5*i, 0*d + 3523 = 4*d - 3*i. What are the prime factors of d?
883
Suppose -1 = 5*i + 9. List the prime factors of 15/10 + (-123)/i.
3, 7
Let d = 114 - 102. Suppose -16*r + 14*r = -d. List the prime factors of r.
2, 3
Let a = -7 + 5. Let z(n) = 10*n**2 - 2. List the prime factors of z(a).
2, 19
Let j(u) = 53*u - 1. Let c be j(1). Suppose 2*q = 6*q - c. What are the prime factors of q?
13
Suppose 7962 = 3*l + 3*d, -12*d + 11*d + 10616 = 4*l. List the prime factors of l.
2, 1327
Suppose -3 + 15 = 4*x, 0 = -2*t - 2*x + 118. Let m(j) = j**3 - 8*j**2 + 7*j. Let r be m(7). Suppose -7*a + 8*a - t = r. What are the prime factors of a?
2, 7
Let f(i) = 33*i**2 - 21*i - 39. What are the prime factors of f(-7)?
3, 5, 23
Suppose -26*x + 20*x = -2142. What are the prime factors of x?
3, 7, 17
Let c = 8 + -6. Suppose -c*l + 6 + 0 = 0. Suppose l*f = -2*t + 28, 3*f - 43 = 2*t + 1. List the prime factors of f.
2, 3
Suppose -19*a + 14*a + 140 = 0. Suppose -a = -b - 4*q, 0 = 2*b - 5*b + 3*q + 84. What are the prime factors of b?
2, 7
List the prime factors of -2 - -7 - 2 - (-936 + 54).
3, 5, 59
Suppose -24 = 2*w + 2. Let d = 14 + w. List the prime factors of d/6 - (-1989)/54.
37
Suppose -486*j + 490*j - 26140 = 0. What are the prime factors of j?
5, 1307
Let v(y) = 4*y**2 + 3*y - 2. Suppose -4*s + 4 = -0. Let k be v(s). What are the prime factors of (4 - k)*-1*23?
23
Let v(f) = -f**3 + 16*f**2 + 23*f + 24. Let s be v(18). Let q be (s/(-9))/(2/6). Suppose 105 = 4*a - 3*g, -2*a - 3*g = -g - q. What are the prime factors of a?
2, 3, 5
Let q be (-6 - 3 - -148) + 9. Suppose -3*t = -7 - 5. Suppose -4*o = -4*j + 148, -t*j + 2*o = 4*o - q. List the prime factors of j.
37
Suppose 26*h - 31*h = -3200. What are the prime factors of h?
2, 5
Suppose -516 - 69 = 3*k. What are the prime factors of (-1397)/(-5) + (-13)/(k/(-6))?
3, 31
Suppose -27004 = -19*d + 2142. List the prime factors of d.
2, 13, 59
Suppose 0 = 3*q, 10 - 1 = -3*x - 2*q. Let w(i) be the third derivative of -i**6/120 - i**5/15 - i**4/6 + 6*i**2. What are the prime factors of w(x)?
3
Let y be (-27)/(-36)*(-2 - 14/(-3)). Suppose -56 = -y*o - 26. What are the prime factors of o?
3, 5
Suppose 0*c + 6*c = 1758. List the prime factors of c.
293
Let h be 3*(1/3 + 1). Suppose -h*p + 325 = p. List the prime factors of p.
5, 13
Let v be 2/7 + (-36)/(-21). Suppose 4*z - 220 = 5*r + 267, -2*z = -v*r - 242. List the prime factors of z.
2, 59
Suppose 5*b - 19880 = d, -5*b = -4*d - 7283 - 12597. List the prime factors of b.
2, 7, 71
Let r(n) = -n**3 + 18*n**2 - 20*n + 42. Let q be r(17). What are the prime factors of (12/90*q)/((-4)/70)?
3, 7
Let v(a) = -3*a + 13 + 6*a - 2*a + 13 - a**2. Let j be v(0). Suppose -5*w + 5 = l - j, -l = -1. What are the prime factors of w?
2, 3
Suppose b - 2*o = 6*b - 2190, 2205 = 5*b + 5*o. List the prime factors of b.
2, 109
Let o(z) = -z**2 + 11*z + 30. Let u be o(14). Let g = 51 + -30. Let q = g + u. What are the prime factors of q?
3
Let n(j) = 6*j**2 - 13*j - 54. What are the prime factors of n(-5)?
7, 23
Suppose 0 = -5*z + 5388 + 1822. What are the prime factors of z?
2, 7, 103
Let b(s) = -s**3 - 6*s**2 - 2*s + 6. Let j be b(-6). List the prime factors of 742/j + (-3 - 25/(-9)).
41
List the prime factors of (-100056)/(-77) + (3 - 72/21).
3, 433
Suppose -2051 = 5*m - 10*m - 3*b, 0 = 4*m - b - 1634. What are the prime factors of m?
409
Let w be 1280/(-32)*2/(-2). Suppose -3*u + w = -44. List the prime factors of u.
2, 7
List the prime factors of 111*(352/24 - -12).
2, 5, 37
Let p be (-249)/(-27) - (-4)/(-18). Suppose -700 = -z - p*z. List the prime factors of z.
2, 5, 7
Let t be (-299)/9 + 2/9. Let b(q) = q**2 - 2*q. Let x be b(1). List the prime factors of (-407)/t*(2 - x).
37
Suppose 4*t + 16 = 0, -5*j - 15*t + 13*t = -8562. List the prime factors of j.
2, 857
Suppose -2*x = 3*a + 6, -2*a - 12 = a + 4*x. Suppose 3*t = 3*f - 291, 4*t + 3 + 1 = a. Suppose 4*u + 10*i = 5*i + f, -2*i = 8. List the prime factors of u.
29
Suppose 0 = c - 2*d - 607, 2*d - 4449 = -5*c - 1474. Suppose 3*x = 4*w - c, -w = x - 6*x - 145. What are the prime factors of w?
2, 3, 5
Let f(v) = -v**3 + 4*v**2 + v - 2. Let y be f(4). Let x(w) = -y*w**2 - w + 6 - 2 - w**2 - w**3 - 3. List the prime factors of x(-4).
3, 7
Let b be 40/7 + (-4)/(-14). Suppose -m + 70 = -b*m. What are the prime factors of m/(1/((-5)/2))?
5, 7
Let k = -14 + 6. List the prime factors of (-849)/(-12) + (-2)/k.
71
Let t(h) = h + 1. Let z be t(6). Let p(k) = 31*k - 145. Let y be p(4). What are the prime factors of z/y + 163/3?
2, 3
Suppose 2*z - 805 = 2*v - 3*v, 0 = 5*v - 2*z - 4013. What are the prime factors of v?
11, 73
Let r = -7 + 19. Suppose 3*f = 5*y - 24, -y = -f + 4*f - r. List the prime factors of y.
2, 3
Let o(h) = -3*h - 13. Let g be o(-5). Suppose -8 = -g*q - 5*f + 4*f, -3*q - f = -13. Suppose -q*j = 3*l - 7 - 6, 2*j - 22 = 3*l. List the prime factors of j.
5
Let z(t) = -1642*t + 18. What are the prime factors of z(-2)?
2, 13, 127
Suppose 0 = -d - 2*r + 12, 2*r = -0*d + d + 8. Suppose 4 = d*v, -v - 56 = -t - 5*v. What are the prime factors of t?
2, 3
Let a = -129 - -161. List the prime factors of a.
2
Let i = 1712 - -187. List the prime factors of i.
3, 211
Let c(w) = -6*w**3 - 7*w**2 + 16*w - 10. Let j(q) = q**3 - q. Let b = -2 + 3. Let y(l) = b*c(l) + 5*j(l). What are the prime factors of y(-9)?
53
Let l(y) = -387*y + 2. Let p be l(-1). Suppose b + p - 68 = 4*m, -4*b - 231 = -3*m. What are the prime factors of m?
3
Let j = -2 + 15. Let a = -8 + j. Let k = 12 + a. List the prime factors of k.
17
Let w = -34 + 85. Let q = -17 + w. What are the prime factors of q?
2, 17
Suppose -5 = 15*y - 10*y, 0 = 3*d + 5*y + 1091. Let m = d + 655. List the prime factors of m.
293
Let o be (-868)/(-18) + (-6)/27 + 0. Let v = 80 - o. List the prime factors of v.
2
What are the prime factors of (1526/6 - 3)*18/12?
13, 29
Suppose 2*n - 5*l + 8 = 0, -n = 2*n + 2*l + 12. Let c be (-1)/4 - 1/n. What are the prime factors of (c - -1) + 0 + 41?
2, 3, 7
Let u = -4 + 9. Suppose 0*p - u = -3*l + 2*p, 0 = -3*l - p + 11. Suppose 5*x - 3*f = f + 117, l*x + 3*f - 81 = 0. What are the prime factors of x?
5
Let q(b) = b**2 + 4*b + 37. Let j be q(-20). Let u = j + -193. What are the prime factors of u?
2, 41
Let d = -2 - -95. Let c = -58 + d. List the prime factors of c.
5, 7
Let c(i) = -i**2 - 10*i - 10. Let w be 1/(-6) - 70/12. List the prime factors of c(w).
2, 7
Suppose -4*h = 2*t - 2574, -5*h - 644 = -3*t - 3845. List the prime factors of h.
2, 3, 107
Let m = 2 + -7. Let o = -5 + m. Let b = o + 17. List the prime factors of b.
7
Let q = 35 + -14. Suppose q = 20*i - 21*i. List the prime factors of 7/((-87)/i - 4).
7
Suppose 3*j = -14*j + 20298. What are the prime factors of j?
2, 3, 199
Suppose -3*t = r - 2*t - 44, 3*r - 104 = 4*t. What are the prime factors of r?
2, 5
Let c(x) = 45*x**3 - 6*x**2 + 31*x - 7. List the prime factors of c(3).
29, 43
Let y be (-114)/(-9)*3/2. Suppose 206 = 5*x - y. List the prime factors of x.
3, 5
Suppose -3*b - 6 = -15. Suppose 5*m + 38 = -x, -b*m - 2 = -x - 0*m. Let g = 15 + x. List the prime factors of g.
2
Suppose 0 = 3*r - 9, 8 = -b - 3*r + 20. Suppose 0*k - b*v = -4*k + 14, -2*k + 3*v + 10 = 0. What are the prime factors of (5 + 4)/(-1 + k)?
3
Suppose -4*t = 5*m - 17958, 708 = -5*m + 5*t + 18648. What are the prime factors of m?
2, 5, 359
Let i = -145 - -145. Suppose -2*t + 16 = -3*a, -4*a = 5*t - 3*a - 6. Suppose i 